9209 prime?
True
Is 73921 composite?
True
Is 53359 prime?
True
Is 28789 composite?
False
Is 8651 composite?
True
Is 4327 a prime number?
True
Is 386219 a composite number?
False
Is 72763 prime?
True
Is 48443 prime?
False
Is 37477 composite?
True
Is 171779 prime?
False
Is 1059103 a composite number?
False
Is 3041 a prime number?
True
Is 84687 composite?
True
Is 24071 a prime number?
True
Is 69119 a composite number?
False
Is 1240233 a prime number?
False
Is 83649 prime?
False
Is 6217 a prime number?
True
Is 36109 prime?
True
Is 143941 composite?
True
Is 124669 a prime number?
True
Is 114269 a prime number?
True
Is 269 a prime number?
True
Is 40601 prime?
False
Is 346631 a composite number?
True
Is 257119 prime?
False
Is 1061 prime?
True
Is 57055 composite?
True
Is 49229 composite?
True
Is 2759023 prime?
True
Is 68407 a prime number?
False
Is 32887 composite?
False
Is 21269 a composite number?
False
Is 2199 a composite number?
True
Is 9157 prime?
True
Is 1229 prime?
True
Is 939 composite?
True
Is 239119 prime?
True
Is 1409 prime?
True
Is 929 composite?
False
Is 9217 a composite number?
True
Is 3595 a composite number?
True
Is 224891 prime?
True
Is 3489857 a composite number?
True
Is 2345401 a composite number?
False
Is 550415 a composite number?
True
Is 1973 prime?
True
Is 112051 composite?
True
Is 10037 prime?
True
Is 342929 prime?
True
Is 17291 composite?
False
Is 212057 prime?
True
Is 35813 composite?
True
Is 52453 a composite number?
False
Is 46253 a prime number?
False
Is 797347 prime?
False
Is 1155581 a composite number?
True
Is 583613 a composite number?
False
Is 197513 a prime number?
False
Is 85001 a prime number?
False
Is 211 a prime number?
True
Is 303941 a composite number?
True
Is 85773 a prime number?
False
Is 2453 a composite number?
True
Is 106741 a prime number?
False
Is 6082 prime?
False
Is 352249 prime?
True
Is 28505 prime?
False
Is 15769 a composite number?
True
Is 719 a composite number?
False
Is 17543 composite?
True
Is 42587 prime?
False
Is 1542581 a prime number?
True
Is 425069 prime?
False
Is 929 prime?
True
Is 10495 a composite number?
True
Is 52951 composite?
False
Is 713551 prime?
False
Is 18301 a prime number?
True
Is 23 prime?
True
Is 446878 a prime number?
False
Is 260539 composite?
False
Is 3093 composite?
True
Is 8923 a composite number?
False
Is 45007 prime?
True
Is 90313 a prime number?
True
Is 81119 a prime number?
True
Is 26303 prime?
False
Is 148609 composite?
False
Is 2903 a composite number?
False
Is 5213 a composite number?
True
Is 285221 a prime number?
True
Is 29603 a composite number?
True
Is 896837 composite?
False
Is 1939765 a prime number?
False
Is 268439 composite?
False
Is 9007 prime?
True
Is 136847 a composite number?
True
Is 35039 a composite number?
True
Is 70429 a composite number?
False
Is 43057 a composite number?
True
Is 551329 a prime number?
False
Is 3073 a prime number?
False
Is 18923 a composite number?
True
Is 11519 a composite number?
False
Is 1337 a prime number?
False
Is 6898 composite?
True
Is 22433 prime?
True
Is 16439 a prime number?
False
Is 213589 a prime number?
True
Is 36541 prime?
True
Is 203851 prime?
False
Is 792583 prime?
False
Is 3991 a composite number?
True
Is 31979 a composite number?
True
Is 21247 a prime number?
True
Is 92551 a prime number?
True
Is 11293 a composite number?
True
Is 197707 a prime number?
False
Is 38507 composite?
True
Is 22897 prime?
False
Is 126631 composite?
False
Is 955181 a composite number?
True
Is 743 composite?
False
Is 21711 a composite number?
True
Is 297233 a composite number?
False
Is 13159 prime?
True
Is 809051 a prime number?
True
Is 148186 composite?
True
Is 135914 composite?
True
Is 7867 composite?
False
Is 2243 a prime number?
True
Is 54709 prime?
True
Is 70717 a prime number?
True
Is 779081 composite?
False
Is 7039 a prime number?
True
Is 3199 a composite number?
True
Is 386279 prime?
True
Is 1259 a prime number?
True
Is 10167 prime?
False
Is 14429 a prime number?
False
Is 1147499 prime?
True
Is 85501 composite?
True
Is 2959 composite?
True
Is 493223 a prime number?
False
Is 110017 composite?
False
Is 15839 composite?
True
Is 197711 a prime number?
True
Is 13997 prime?
True
Is 2251 prime?
True
Is 9967 a prime number?
True
Is 44866 composite?
True
Is 36433 composite?
False
Is 1355573 prime?
True
Is 1478 a prime number?
False
Is 1513 a composite number?
True
Is 8587 composite?
True
Is 1939 prime?
False
Is 83311 composite?
False
Is 1087 prime?
True
Is 1634089 a composite number?
False
Is 13961 composite?
True
Is 33107 a prime number?
True
Is 1322303 a prime number?
True
Is 1214077 composite?
False
Is 168743 a composite number?
False
Is 162209 a prime number?
True
Is 32987 composite?
False
Is 834917 a prime number?
False
Is 1716101 a composite number?
True
Is 89734 prime?
False
Is 218357 composite?
False
Is 571777 a prime number?
True
Is 1007 prime?
False
Is 1621051 a prime number?
False
Is 18617 composite?
False
Is 35671 prime?
True
Is 4957 prime?
True
Is 3859 a composite number?
True
Is 2126 a composite number?
True
Is 12451 a prime number?
True
Is 44293 prime?
True
Is 69 a composite number?
True
Is 5437 a prime number?
True
Is 2491 a prime number?
False
Is 52729 composite?
True
Is 769 a composite number?
False
Is 78739 a composite number?
True
Is 27655 a composite number?
True
Is 1013321 a composite number?
False
Is 270877 a composite number?
True
Is 693053 composite?
True
Is 642049 a composite number?
False
Is 64033 prime?
True
Is 25163 a prime number?
True
Is 264311 composite?
True
Is 719 composite?
False
Is 4957 a prime number?
True
Is 91382 composite?
True
Is 4583 a prime number?
True
Is 8510797 a prime number?
True
Is 67601 prime?
True
Is 67331 a prime number?
False
Is 104207 a composite number?
False
Is 21541 prime?
False
Is 33127 a composite number?
True
Is 3937 a prime number?
False
Is 8947 prime?
False
Is 14143 a composite number?
False
Is 160099 a prime number?
False
Is 348583 a composite number?
False
Is 10211 composite?
False
Is 27119 a composite number?
True
Is 101901 a prime number?
False
Is 3103115 a prime number?
False
Is 278981 composite?
False
Is 2300051 a prime number?
False
Is 214631 a prime number?
True
Is 1006405 a prime number?
False
Is 125753 a prime number?
True
Is 27427 a prime number?
True
Is 179533 composite?
False
Is 18589 composite?
True
Is 72139 a composite number?
False
Is 24907 a composite number?
False
Is 18959 prime?
True
Is 13522 a composite number?
True
Is 334507 a prime number?
True
Is 203279 a prime number?
True
Is 63029 composite?
False
Is 191501 a composite number?
True
Is 1106719 a prime number?
False
Is 229741 a composite number?
True
Is 8251 a composite number?
True
Is 376411 prime?
False
Is 1184867 composite?
False
Is 3426887 a prime number?
True
Is 874267 a prime number?
True
Is 326113 composite?
False
Is 16706 a prime number?
False
Is 244913 a prime number?
False
Is 931417 a prime number?
True
Is 13466 a composite number?
True
Is 31667 a prime number?
True
Is 3261 prime?
False
Is 105167 a prime number?
True
Is 43147 composite?
True
Is 1328521 composite?
False
Is 228143 a prime number?
False
Is 13381 a prime number?
True
Is 14657 composite?
False
Is 25279 prime?
False
Is 442733 a prime number?
True
Is 25511 a prime number?
False
Is 320123 prime?
False
Is 127 a prime number?
True
Is 50647 prime?
True
Is 81053 prime?
False
Is 13429 composite?
True
Is 9101 prime?
False
Is 715447 a composite number?
True
Is 174001 composite?
True
Is 64939 prime?
False
Is 55843 a composite number?
False
Is 5075043 prime?
False
Is 7789 prime?
True
Is 11159 prime?
True
Is 96521 a composite number?
True
Is 16673 composite?
False
Is 159157 a prime number?
True
Is 19289 a composite number?
False
Is 1092763 a prime number?
False
Is 223871 a prime number?
False
Is 1711 a composite number?
True
Is 198059 a prime number?
False
Is 1277 composite?
False
Is 150551 a composite number?
False
Is 7307 prime?
True
Is 260363 composite?
False
Is 2921 a prime number?
False
Is 3371 a composite number?
False
Is 91453 a composite number?
False
Is 551363 prime?
True
Is 1234099 prime?
True
Is 70823 composite?
False
Is 2777 a prime number?
True
Is 27733 prime?
True
Is 24317 composite?
False
Is 911947 a composite number?
False
Is 